. Let j = 0 + b. Calculate the highest common factor of j and 11.
11
Suppose -2*p + 3*p - 3*z - 2 = 0, p - 20 = -3*z. What is the greatest common divisor of p and 55?
11
Let p = 146 + -98. What is the greatest common factor of 12 and p?
12
Suppose m - 10 = -4*o, 0 = 5*m + 3*o - 0*o + 18. Let y be 1/(-2) + 285/m. Let a = y - -144. Calculate the highest common factor of a and 24.
24
Let x(t) = t + 19. Let y be x(-6). Calculate the greatest common factor of y and 117.
13
Let v = -14 - -16. Let a be (-13)/(-3) + (-1)/3. Suppose -16 = v*z - a*z. Calculate the greatest common divisor of z and 88.
8
Suppose -390 = -13*p + 117. Let k be 12 - (0 + 2 - 1). Let s = 2 + k. What is the highest common factor of s and p?
13
Suppose -25 = 10*w - 11*w. What is the highest common divisor of 10 and w?
5
Suppose -q = -5*k + 12, -4*q + k + 6 = -3. Suppose 5*j - 6 = q*j. Calculate the highest common divisor of 3 and j.
3
Let b(g) = -g**2 - 5*g. Let d be b(-5). Suppose -3*a - 20 + 80 = d. What is the highest common divisor of a and 5?
5
Let x be (-56)/(-6) + (-1)/3. Let j = 13 - x. What is the greatest common factor of j and 32?
4
Let g = 49 + -43. Calculate the greatest common factor of g and 42.
6
Let l(d) = -d**2 - 2 + d**2 + d**2 + 13 - 11*d. Let c be l(10). Calculate the highest common divisor of c and 9.
1
Let m be (-1)/((-1)/(14/2)). Let n(c) = c**3 + 7*c**2 - 6*c - 10. Let l be n(-7). Let w = 60 - l. Calculate the highest common factor of m and w.
7
Let v be (19/4 + -4)/(1/12). What is the greatest common divisor of v and 99?
9
Suppose 0 = -3*m + 5 - 2. Suppose -3*o = -0*o - 15. What is the highest common factor of m and o?
1
Let d be (2/(-6))/((-2)/174). What is the greatest common factor of d and 232?
29
Let y be 4 - (-1 - (5 - 4)). Suppose 18 = q - 24. Calculate the greatest common divisor of y and q.
6
Let r be (132 - -3)*(2 - 1). Suppose r = 2*y + 3*y. Calculate the highest common factor of y and 3.
3
Let j be -3 + 5/((-15)/(-444)) - 2. What is the greatest common factor of 13 and j?
13
Let w be 1/(-5) - (-248)/40. What is the greatest common factor of 48 and w?
6
Let d = 15 + -11. Suppose z - 4*u - 66 = 0, -z - d*z - 4*u = -210. Let x = z - 22. What is the greatest common factor of 8 and x?
8
Suppose -2*a + 50 = 5*c, 3*c - 30 = -0*a + a. Suppose g - 15 = 3*f, -7*g + 145 = -3*g + 5*f. What is the greatest common factor of g and c?
10
Suppose -3*c + 44 = 4*m, -2 = -m - 0*m. What is the greatest common divisor of c and 108?
12
Let p be (4 + 15/(-5))*99. What is the highest common factor of 9 and p?
9
Let j(f) = 4*f + 0 - 5*f - 4. Let s be j(-5). Calculate the greatest common divisor of 1 and s.
1
Let z = 56 + -142. Let q(v) = -2*v**3 - 3*v**2 - v + 5. Let k be q(-5). Let n = k + z. Calculate the highest common divisor of n and 11.
11
Suppose 0 = 4*p - 4*v + 5*v - 68, -2*v - 51 = -3*p. Calculate the highest common factor of 17 and p.
17
Let y = -4 + 44. What is the highest common divisor of y and 5?
5
Suppose -5*l - 27 = -117. Calculate the greatest common factor of l and 9.
9
Let y = 206 + -196. Calculate the highest common factor of 40 and y.
10
Let s(u) = -4*u + 5. Let m(o) = -4*o + 4. Let i(r) = 5*m(r) - 4*s(r). Let k be 1/(-1) + -2 + 0. Let f be i(k). What is the greatest common factor of f and 4?
4
Suppose -45 = -x - 2*x + k, 15 = x - 4*k. Let v be 4*(-1)/(6/(-15)). What is the highest common divisor of v and x?
5
Let m be 4/(-10) + 552/30. Suppose -5*t - a + 226 = 0, t + 5*a - 8 = m. What is the highest common divisor of t and 69?
23
Suppose 0 = -5*q + 7 + 3. Let v be 2*(7/q - 0). Calculate the greatest common factor of 77 and v.
7
Suppose a = 2*g - 22, -g - 2*a + 4*a = -17. What is the greatest common factor of g and 36?
9
Suppose 2*i = -4*u + 72, -i - 2*u - 16 = -2*i. Suppose 3*c - 13 - 26 = 0. Calculate the highest common divisor of c and i.
13
Suppose 10*r - 252 = r. What is the greatest common divisor of 112 and r?
28
Let b(w) = -17*w**3 + w. Let y = 5 + 5. Let m = y - 11. Let j be b(m). Calculate the greatest common factor of j and 112.
16
Suppose l + 22 = w - 13, -4*w + 2*l + 134 = 0. What is the greatest common divisor of w and 4?
4
Suppose 6 = -d - 2*d + 3*t, 0 = 3*d + 5*t - 10. Suppose -4*g + d*g - 2*b + 32 = 0, -g + 4*b + 17 = 0. Calculate the greatest common factor of 3 and g.
3
Let j = -15 - -37. Let k(c) = 16*c**2 + 7*c + 5. Let q be k(-2). What is the highest common divisor of q and j?
11
Suppose o = 2*o - 239. Suppose -91 = -2*s + o. What is the greatest common divisor of s and 15?
15
Let p = -105 - -185. Calculate the greatest common factor of 10 and p.
10
Suppose 0 = j - 2*p - 6, -j + 16 = j - 5*p. Suppose 2*c - 2 = 4. Let i be (c/j)/(4/(-24)). Calculate the greatest common factor of 3 and i.
3
Let v be (1 - -3)*(-40)/(-32). Let u = 0 + 1. Calculate the highest common divisor of u and v.
1
Let p(q) = -2*q**2 - 3*q + 6. Let j be p(-4). Let i be 56/(-10)*35/j. Let h(d) = d + 12. Let u be h(-10). Calculate the highest common divisor of u and i.
2
Let n(k) = -3*k**2 + k + 12. Let d be n(0). Let c(g) = g**3 - 2*g + 4. Let b be c(4). What is the greatest common factor of d and b?
12
Let n(g) = g**2 + 6*g - 4. Let x be n(-7). Let m be x + 0 - (-2 - -1). Calculate the highest common divisor of m and 32.
4
Let w = -207 + 657. What is the greatest common factor of 50 and w?
50
Let s(h) = -h - 3. Let i be s(-5). Let g be ((-2)/3)/((-2)/33). Suppose 0 = -3*c + 29 - g. Calculate the greatest common factor of i and c.
2
Suppose 2*h = -4*t - 2, -2*t - 3 = 3. Suppose r - 13 = 2*d, h*d - 3*r = -5*r - 28. Let s be (72/4)/(d/(-8)). What is the highest common factor of 6 and s?
6
Let c(z) = 37*z**3 + 2*z**2 - z. Let i be c(1). What is the greatest common factor of 114 and i?
38
Let y be (-123)/(-4) + (-12)/16. Let n be -1 + (1 - -2)*-1. Let d be 2/n + (-31)/(-2). Calculate the highest common divisor of d and y.
15
Let a(j) = -2*j**3 - j**2 + 2*j + 23. Let n be a(-5). What is the highest common factor of n and 14?
14
Suppose 0*o - 44 = -4*o - 2*t, 0 = -4*o + t + 50. Calculate the highest common factor of o and 96.
12
Let w be (24/(-16))/(1/(-12)). Calculate the greatest common factor of 36 and w.
18
Let p = 1 + -1. Suppose p*u + 8 = u. Let c be 1/5 - (-558)/10. What is the greatest common divisor of u and c?
8
Suppose 187 = 3*r + 2*r + 2*t, 2*t = -r + 31. What is the greatest common divisor of r and 13?
13
Let t = -11 - -31. Let u(l) = l + 4. Let o be u(6). Calculate the greatest common factor of o and t.
10
Suppose 0 = 4*k + 2*s - 7 - 5, k - 8 = 2*s. Let h be 2/(2*2/40). Calculate the greatest common factor of k and h.
4
Suppose -4*g + 621 = 189. Let t(f) = -35*f. Let u be t(2). Let m = u + g. What is the highest common factor of m and 19?
19
Let p(i) = -i**2 + 6*i - 6. Let y be p(4). Suppose -7 - 5 = -3*r. Let f be (y + -2 - r)*-6. What is the greatest common factor of 12 and f?
12
Let o = 36 - 26. Suppose 5*r - 5*w = o, 0*w = 2*r + 4*w - 34. What is the highest common factor of 28 and r?
7
Let i be (-110)/(-4)*(2 + 0). Calculate the greatest common divisor of i and 5.
5
Suppose -5*t - 10 + 0 = 0. Let y(o) = -3*o**3 + 3*o**2 + 4*o + 2. Let h be y(t). Let u be (h/(-9) - -1)*-6. Calculate the highest common factor of u and 42.
14
Suppose -40 + 117 = 7*p. Let f be (-3)/(-2)*(-44)/(-3). Calculate the greatest common factor of f and p.
11
Suppose 3*i - 30 - 48 = 0. Suppose 2*r - 39 = -5*j + 92, -2*j = -2*r + 166. Calculate the highest common factor of i and r.
26
Let z = 143 + -65. What is the highest common divisor of z and 130?
26
Let p(t) = -19*t - 22. Let v be p(-10). What is the highest common divisor of 21 and v?
21
Let z(b) = 65*b**2 - 2*b - 1. Let h be z(-1). Calculate the highest common factor of h and 165.
33
Let t be 6/15 + (-140)/(-25). Calculate the highest common divisor of t and 6.
6
Let j = -1 + 1. Suppose 0 = -j*n + 5*n + 820. Let v = -60 - n. What is the greatest common divisor of v and 13?
13
Suppose u - 1 = -0. Let w be (u - -119)*1/2. Let v = -36 + 60. Calculate the highest common divisor of v and w.
12
Let q = 1 + 16. Suppose 2*f + 89 = 463. What is the highest common divisor of f and q?
17
Suppose 0 = -2*z - 2*z + 40. Calculate the greatest common divisor of 5 and z.
5
Let u(g) = -g**3 + 7*g**2 + 5*g + 7. Let h be u(7). Suppose